7/(-2) + 4). Suppose i = 5*j + u - 3836, j + 4*u = -3*j + 3072. Is j a prime number?
False
Suppose -y - 7 - 70 = 0. Suppose 629 + 11 = -16*s. Let o = s - y. Is o composite?
False
Let h be (225/(-12))/((-1)/(-4)). Let d = h + 632. Is d prime?
True
Suppose -3*q + 2*g + 23 + 73 = 0, 0 = -q - 2*g + 32. Suppose -q*x - 3508 = -36*x. Is x a composite number?
False
Let h = -545 + 798. Let x = 14 + h. Is x a composite number?
True
Let q(l) = 45*l**2 - 4*l + 17. Let t be (-106)/14 + 10/(560/(-24)). Is q(t) prime?
False
Is (71 - 0)*10/(20/194) a prime number?
False
Suppose 2*s = -2*g - 2084, 5*s - 3*g = s - 4182. Let k = 215 - s. Is k prime?
True
Suppose 3*i = 5*f + 4*i - 22, -4*i - 12 = 0. Suppose -12 = -4*h, -4*h = f*w - 2*h - 4441. Is w a composite number?
False
Let i be (-5 - 0)/((-2)/4). Suppose -2*v = -4*w - 0*v - 50, w + 3*v = 5. Is (-526)/w - (-4)/i prime?
True
Let c = 24 - 20. Suppose 2*u = -0 + c. Suppose 2*d + u*k + 231 = 5*d, 5*d - 401 = -2*k. Is d a prime number?
True
Let j be ((-4)/(-6))/(2/12). Suppose -3*o - 5*c + 2185 = o, 4*c = j. Is o a prime number?
False
Let k be (-24)/56 + 6/14. Suppose -7*q + 5317 + 8200 = k. Is q a composite number?
False
Suppose 0 = -0*s - 2*s - 4*f - 10, -5*f = -20. Let w = 42 - 19. Let k = s + w. Is k composite?
True
Let x(z) = 80*z + 2. Let g be x(-2). Suppose -4*p - 192 = 4*h, -3*h - 18 = -2*p + 111. Let l = h - g. Is l a prime number?
True
Let d(y) = 98*y + 7. Let g be d(2). Let r = 0 + g. Is r composite?
True
Let g = 3 + 0. Suppose -2*y = -g - 1. Suppose -3*u = -5*p - 76, p - 112 = -5*u + y*p. Is u a prime number?
False
Let x(r) = -2*r**2 - 8*r + 23783. Is x(0) composite?
True
Let f be 1912/((5/(-10))/(-1)). Suppose 0 = -3*i + 1 - 7, -f = -4*s + 2*i. Is s a composite number?
True
Suppose 0 = 3*z - 4*h - 83155, 3*z - h = -0*h + 83152. Is z composite?
True
Suppose 26*w - 30*w - 2512 = 0. Suppose 46 = -4*f + 2*s, -5*f + 28 = -2*s + 84. Is w/2*5/f composite?
False
Let f = 22 + -17. Suppose -2*l + 2*k + 3851 = -487, -l + f*k + 2177 = 0. Is l a prime number?
False
Suppose 39431 = 13*p - 36203. Is p a prime number?
False
Suppose 2*s = 4*f - 388, -4*f - 3*s = -136 - 272. Suppose -f = -3*u - 4*b + b, 0 = 2*b + 2. Suppose 2*y - u = -2*q, 20 = 2*y - 4*q - 2. Is y composite?
True
Let z(u) = 35*u**3 - 29*u**2 - 27*u + 118. Is z(15) composite?
True
Let a be 48/(-80) + (-90566)/(-10). Suppose 6212 + a = 4*m. Is m a composite number?
True
Suppose 5*o = -w + 12369, 4*w + 7399 = 3*o - w. Is o a prime number?
True
Suppose 0 = 4*r - 4, -r = -5*v + 2*v + 2. Let u be (0 + v)/(4/(-12)). Let f(c) = 15*c**2 - 2. Is f(u) composite?
True
Suppose q + 24 = 9*q. Suppose -600 = -4*c + 3*w + 2015, -w + 1958 = q*c. Is c prime?
True
Suppose 5*l = -0*l - 20, -l + 501 = 5*t. Let f = -67 + t. Is f composite?
True
Let t = 75718 - 33185. Is t composite?
False
Suppose 9*b = 9246 + 5487. Is b prime?
True
Let j = 10827 + -4908. Is j prime?
False
Let h(i) = 14*i**2 + i + 33. Let c be h(7). Suppose 5*n - c = -u, -u = -n - 6*u + 150. Is n prime?
False
Let p = -221 - -876. Suppose 0 = 35*h - 40*h + p. Is h a composite number?
False
Let m be (5 - (0 - 0)) + -3. Suppose -m*w = 4*w - 12. Suppose -w*z - 5*y = -2287, 3*z = 2*z - y + 1148. Is z a composite number?
False
Let y be (-780)/(-40)*8/3. Suppose 0 = -a - 5 + y. Is a prime?
True
Let m = 147111 - 102496. Is m a prime number?
False
Let d(v) = -v**2 - 5*v - 2. Let p be d(-5). Is (p/1)/(3/(7542/(-12))) composite?
False
Let y be -4*(66/(-4) - -2). Suppose 2*r + 27 = x - y, 4*r - x + 165 = 0. Is 2/4*(-2 - r) prime?
True
Suppose 20*j + 441258 = 26*j. Is j prime?
False
Let u = -46 + 1507. Is u composite?
True
Suppose -9*x + 3*x = 24. Is 10/4*(50 + x) a composite number?
True
Suppose t + 5*d - 1429 = 4710, 24620 = 4*t + 4*d. Is t prime?
False
Let p(a) = 13*a - 2 + 7 - 10*a - 4*a. Let t be p(5). Is t + (-3)/(-1) + 32 prime?
False
Is ((-63694)/(-6))/((-110)/30 - -4) composite?
False
Suppose 4*y = 2*h + 608, 3*y - 7*y = 4*h - 596. Let w = -126 + y. Is w a composite number?
True
Suppose 2*y = -7 - 15. Let h = -5 - y. Let c(n) = 2*n**2 - 4*n + 3. Is c(h) a prime number?
False
Let m(n) = -75*n + 26. Is m(-3) a composite number?
False
Let z(l) = l**2 - 4*l + 185. Let c be z(0). Suppose 0 = v - 386 - c. Is v prime?
True
Is (-2*(3 + (-91)/(-2)))/(-1) composite?
False
Let d(v) = -v**2 - 13*v - 18. Let r = -21 - -10. Let a be d(r). Suppose 0 = p + 4*q - 165, 0*p + a*q + 282 = 2*p. Is p a prime number?
True
Let y = 1957 - 1058. Suppose a = -30 + y. Is a composite?
True
Let p = -2468 - -34629. Is p prime?
False
Let d(o) = -3*o**3 + 8*o**2 - 8*o - 12. Let t be d(-8). Suppose 2*x + x + 3*y = 1242, 5*x - y - t = 0. Is x a prime number?
True
Is 148/(-111) + (-50774)/(-6) a prime number?
True
Let r(y) = -16*y**3 + 11*y**2 - 5*y + 59. Is r(-10) a prime number?
True
Suppose -10*z + 5074 + 1236 = 0. Is z composite?
False
Let g be ((-1833)/9 - -4)*(5 - -1). Let j = 1904 + g. Is j a composite number?
True
Is (77/(-14))/11*(-25138 - 0) a composite number?
False
Suppose 15 = 5*k, 5*x + 4*k = 4*x + 1751. Is x a prime number?
False
Suppose -98*d + 3*a = -93*d - 111199, 44484 = 2*d + a. Is d a composite number?
True
Suppose 9*q + 5*i = 6*q + 174270, -4*q = 5*i - 232355. Is q a prime number?
False
Let o(k) = 32*k + 27. Let s(n) = 32*n + 27. Let d(i) = 4*o(i) - 3*s(i). Is d(7) composite?
False
Let b be 4/((-24)/3)*-474. Suppose -j + 98 + b = 0. Is j prime?
False
Let y(u) = 2 + 6*u + 19*u - 2. Let b be y(-2). Let v = -31 - b. Is v prime?
True
Let c(f) = -4*f - 2. Let y be c(-1). Suppose 5*l - y*d - 11 = 7, -l - 5*d = 18. Suppose -2*n + 554 = l*t - 24, -n = 3*t - 281. Is n prime?
True
Is 3 - ((-4)/(-26) - 14679980/611) prime?
True
Let p(a) = 15*a - 281. Let v be p(19). Suppose 105 = 3*t - 42. Suppose -v*w + 43 = -t. Is w a composite number?
False
Let s(f) = 16*f**3 + 9*f**2 - 17*f - 31. Is s(7) composite?
False
Suppose -4*f + 5 = -3. Let h = 1187 - -831. Suppose 4*p - y - h = -3*y, 2*y + f = 0. Is p a prime number?
False
Let x be (-11274)/54 + (-6)/27. Let j = 89 - x. Is j a prime number?
False
Suppose -4*g + 10256 = -i, -5*i + 4949 = 4*g - 5283. Is g a prime number?
False
Suppose 4*u + 3*j = -j + 688, 0 = -2*u - 3*j + 345. Let z(q) = 26*q + 4. Let s be z(3). Let a = u - s. Is a prime?
True
Let u = 70 + -136. Let s = u - -122. Suppose 0 = -2*y - 2*y + s. Is y a composite number?
True
Suppose -y = -4*j - 14773, -32*j + 31*j = -3*y + 44330. Is y a prime number?
False
Let y(t) be the third derivative of -t**4/6 - 23*t**3/6 - 12*t**2. Is y(-9) a composite number?
False
Suppose -2*b - 4*x = 2*b - 8, 2*b - 4*x = -2. Is (b - 0 - 54)*-1 composite?
False
Let r(j) = 30*j + 65. Let s be r(15). Let z(x) = -x**2 + x + 210. Let m be z(0). Let t = s - m. Is t a prime number?
False
Let s(z) be the third derivative of -1/120*z**6 - 1/12*z**4 + 2/15*z**5 + 11*z**2 + 0*z + 0 - 1/6*z**3. Is s(7) a composite number?
True
Suppose 102 + 73 = -5*j. Let l = j - -128. Is l a composite number?
True
Let v = -39 - -41. Suppose -3734 = -v*l - 2*i, -5*l - 2*i + 4140 = -5189. Is l prime?
False
Let l(y) = 5*y**3 + 3*y**2 + y + 7. Let t be l(5). Suppose 4*w + 0*w - t = 0. Is w prime?
False
Suppose 0 = -3*p - 11 - 4, -g + 4*p = -515. Suppose 4*m - 213 - g = 0. Is m composite?
True
Suppose -k = 3*s - 22, -5*k + 9 = -3*k - s. Suppose y + k = 19. Suppose 30 = n - 5*x, 0*n + n - y = -x. Is n prime?
False
Is 4/(-14) + (-229356)/(-28) composite?
False
Let q(x) = -x**3 + 20*x**2 + 21*x + 3. Let y be q(21). Suppose -493 = -4*z - y*p, -5*p = -2*z + z + 152. Is z a composite number?
False
Let m(f) = f**2 + 32*f - 199. Is m(28) a composite number?
False
Let x(s) = 17159*s**2 + 8*s - 19. Is x(2) prime?
True
Let f(h) = 11819*h**3 + 2*h**2 - 2*h + 2. Is f(1) a prime number?
True
Suppose -4*i - 54 = -13*i. Is (-1077*i/9)/(-2) a prime number?
True
Suppose -2*g + 0 + 2 = 0. Is (g/(((-12)/(-10316))/3))/1 composite?
False
Let g be (-2)/11 + (-16)/(-88). Suppose 4*u + v - 2529 = g, -800 = -u - 3*v - 176. Is u composite?
True
Let g = 450 + -1. Is g prime?
True
Is (8 - 19750)/(0 + 0 - 2) prime?
True
Let n = -22 - -14. Let w(h) = -h**3 - 8*h**2 + 2*h + 17. Let f be w(n). Is f*((-4 - -4) + 3) composite?
False
Let s = -25 + 11. Let a = 63 - s. Suppose -a = -5*c + 338. Is c prime?
True
Let q(y) 